 15*g**2 + 19. Let f be y(15). Suppose 0 = d + f - 14. What is v(d)?
14
Let v(x) be the third derivative of -x**9/60480 - x**8/2240 - x**6/120 + 41*x**5/60 + 16*x**2 + 10*x. Let j(w) be the third derivative of v(w). Calculate j(-9).
-6
Let c(a) be the second derivative of -a**4/12 - 14*a**3/3 + 24*a**2 + 39*a + 36. Calculate c(-30).
-12
Let l be 15 - ((-6)/(-2) - 5) - 2. Let r be 10 - l/25*5. Let v(f) = 3*f - 1 - 6*f + 5*f. Give v(r).
13
Let d be (4 - (-231)/(-44)) + (-12)/16. Let n(y) = 12*y + 20. Determine n(d).
-4
Let p(r) be the third derivative of r**6/360 - r**5/20 + r**4/24 - 25*r**3/6 + 64*r**2. Let q(g) be the first derivative of p(g). Determine q(5).
-4
Let h(u) = 2*u. Let v(a) = -1. Let f be -3*((-10)/3 - -2). Let o = 165 + -164. Let s(k) = f*v(k) + o*h(k). Give s(3).
2
Let j(m) = m**2 + 2*m - 2. Suppose 20*g + 26*g - 46 = 23*g. What is j(g)?
6
Let o(n) = n**2 + 2. Suppose 3*q - 6 + 21 = 0, -4*q - 40 = -5*b. Let p be (-118)/b + 0 + 2/(-4). Let x be 2/5 + 132/p. Calculate o(x).
18
Let j(z) be the first derivative of 5*z**2/2 + 56*z - 2157. Determine j(-12).
-4
Let o(a) be the second derivative of -a**5/10 + 59*a**4/4 - 91*a**3/6 + 261*a**2/2 - 12044*a. Determine o(88).
-3
Let i = 33205 + -33203. Let d(z) = 0*z**2 + 3*z - 3*z**2 - 1 - 1 + 2*z**2. What is d(i)?
0
Let h(j) = 4*j**3 - 8*j**2 - 10*j - 18. Let q(p) = -8*p**3 + 17*p**2 + 21*p + 38. Let n(c) = 19*h(c) + 9*q(c). Suppose -2 = w - 0. Let o = w + 3. Give n(o).
4
Let c be ((-6)/14)/(2/(-14)). Let m(f) be the second derivative of -f**3/6 + 10*f. Calculate m(c).
-3
Let h(f) = -f - 12. Let d(u) = 2*u + u**2 + 0*u + 2 - 4*u - u. Let c be d(6). Let o = 13 - c. What is h(o)?
-5
Suppose o - 5*o + 64 = 0. Suppose -z + o = -5*z. Let c be (-390)/(-52)*z/(-6). Let b(m) = m + 3. Give b(c).
8
Let y(o) = o**2 + 13*o + 13. Let u(l) = 4*l**2 + 40*l + 39. Let m(k) = -2*u(k) + 7*y(k). Let x be (-60)/(-35)*(1 + 6). Calculate m(x).
1
Let j(a) be the second derivative of a**5/20 + 7*a**4/6 + a**3/6 - 22*a**2 + 3316*a. What is j(-14)?
-58
Let v(p) = -11*p**2 + 174*p + 55. Let w(j) = 3*j**2 - 52*j - 18. Let h(l) = 2*v(l) + 7*w(l). Suppose -6 = a + 8. What is h(a)?
12
Let q(a) = -39 - 42 - 35 + 127 + 5*a - 7*a. Determine q(10).
-9
Let w be (-3)/(-6) + (-9)/(-2). Let i(l) = -2*l**3 + l**2 - 2. Let n(v) = 11*v**3 - v**2 + v + 11. Let z(d) = 6*i(d) + n(d). Determine z(w).
4
Suppose 289 + 241 = -10*t. Let d = 58 + t. Let c(l) = l - 10. Determine c(d).
-5
Let u(r) = -r**3 + 4*r - 3. Let y be (4 - 8) + (-1 - -621). Let d be -3 + y/20 - 3/(-15). Suppose 0 = d*h - 25*h - 6. Determine u(h).
-3
Let z(h) = h**2 - 3*h - 2. Let g be (-1)/(-5) + (-28)/60*-21. Suppose 12*o - g = 7*o. Suppose -3 = o*a + 1. What is z(a)?
8
Let h(m) = 2*m**2 - 5*m + 1. Let r(y) = -y**2 - 19*y - 72. Let l be r(-5). Let d be l/8 - (2 + (-100)/16). Give h(d).
13
Let d(y) be the third derivative of -3*y**4/2 - 2*y**3 + y**2 - 3725*y. Determine d(-2).
60
Let t(s) = -15*s**2 + 8*s - 2. Suppose 400 = 9*v + 364. Let y(g) = -16*g**2 + 11*g - 3. Let q(m) = v*t(m) - 3*y(m). Give q(1).
-12
Let z(t) = -6*t + 8. Let o(p) = p + 3. Let j(n) = 3*o(n) + z(n). Let w(i) = i - 6. Let k(v) = -j(v) - 2*w(v). Calculate k(-6).
-11
Let l = -26 - -23. Let g(j) be the first derivative of 2*j**3/3 + 3*j**2/2 - j - 383. Give g(l).
8
Let n(o) be the second derivative of 13*o**3/6 + 4*o**2 + 136*o. Give n(-6).
-70
Suppose 11*j - 345 - 513 = 0. Let v(t) = 2*t + 40 + t**2 + 37 - j. Determine v(-3).
2
Let l(c) = 3 - 2893*c + 1452*c + 1447*c - 26. Give l(6).
13
Let x = 20926 + -20931. Let s(m) = 0*m - m - 2 + 0*m + 2*m. Give s(x).
-7
Let y(d) = 2*d**3 - d**2 - 1. Let j(k) = 11*k**3 + 3*k**2 + k - 16. Let l be (-3)/(1/(-2)*1). Let f(z) = l*y(z) - j(z). Determine f(9).
1
Suppose 111 + 114 = 9*w. Let r = 26 - w. Suppose -2*p + p = -r. Let d(b) = -3*b + 1. Give d(p).
-2
Let d(a) = -7*a - 1. Let b(c) = 2*c + 1. Let v(t) = -3*t**3 - 58*t**2 + 38*t - 37. Let q be v(-20). Let u(l) = q*b(l) + d(l). What is u(-8)?
10
Let f be -4*(369/4)/(-1). Let m(h) = -h + 69. Let d be m(66). Let l(j) = -367*j + d + j**2 - 4 + f*j + 0. Calculate l(-2).
-1
Let c(w) be the third derivative of -7*w**5/30 - 49*w**4/24 - w**3/3 + 6*w**2 + 66*w - 2. Give c(-4).
-30
Let p(h) = h**3 - 12*h**2 + 15*h - 35. Let z be 61/(1281/(-66))*7/(-2). What is p(z)?
9
Let r = 316 - 84. Let n = r - 219. Let c(b) = b**3 - 15*b**2 + 27*b - 17. Calculate c(n).
-4
Let y(g) = -1867 - 5*g + 4*g + 1862. Let m(p) = -27 + 3376*p - 3388*p + 3*p**2 - 4*p**2. Let u be m(-8). What is y(u)?
-10
Let a(i) be the second derivative of 4*i - 1/12*i**4 - i**2 + 3/2*i**3 + 0. Suppose 24 = 3*u + 4*v, -3*u + u - 2*v = -16. Give a(u).
6
Let u(d) be the first derivative of 5/4*d**4 + 0*d - 1/3*d**3 + 0*d**2 - 165. What is u(-1)?
-6
Let f(m) = m - 42. Suppose -4*q = 65*q - 18*q. Suppose q*b = 37*b. What is f(b)?
-42
Let o(l) = 9*l**3 - 31*l**2 + 6*l + 74. Let i(n) = -5*n**3 + 17*n**2 - 4*n - 38. Let v(w) = -7*i(w) - 4*o(w). What is v(5)?
-10
Let m(f) = -3*f**2 + f. Suppose -3*n - 61 + 67 = 0. Suppose 2*h = 2*y - 32, 3*h + 7 = n*y - 37. Let z(j) = -6*j - 71. Let d be z(h). Calculate m(d).
-2
Let y = -201 - -213. Suppose -3*b - y = 0, 5*b + 14 + 6 = g. Let w(o) = -o - 3. Calculate w(g).
-3
Let d(q) = q + 2. Let y be 6 - -3 - (5 - 0). Suppose -4*x + 30 = 3*n + 2*n, x = -y*n + 13. Let i be x + 10/15*(1 + -4). Determine d(i).
5
Suppose -139*b + 147*b = 64. Suppose s - 4*s = 3*h - 36, h - 5 = 0. Let w(y) = 3 + 2 + s*y**2 + 7*y + 4*y**3 - 5*y**3 + 0*y**3. Calculate w(b).
-3
Let j(b) = -b + 3. Let g(f) = -f**2 - 66*f - 1065. Let s be g(-37). Give j(s).
-5
Let f(x) be the second derivative of -x**4/6 - 4*x**3 - 5*x**2 - 5317*x. What is f(-12)?
-10
Let w(x) = -x**3 + 5*x**2 - 4*x + 6. Let b(r) = -3*r**2 - 22*r - 4. Let o be b(-6). Suppose -n + o = 4*t, -3*n + 8*n - 4*t - 4 = 0. Give w(n).
6
Let u = 105 + -65. Let c be 2 + -9 + u/10. Let g(o) = 2*o + 1. Give g(c).
-5
Let g(w) = w**2 + 3*w + 18. Let y be g(-5). Let h(u) = -y - u + 20 + 2*u. Let m(t) = 4. Let s(l) = -3*h(l) - 5*m(l). Calculate s(-3).
13
Let v(r) = r**2 - 14*r + 27. Let t = 1595 + -1584. Give v(t).
-6
Let u = 6 - 10. Suppose -25*n - 6 = -23*n. Let h(p) = -4*p + 3. Let c(r) = -5*r + 2. Let b(s) = n*h(s) + 2*c(s). Give b(u).
-13
Let l(a) = 7*a - 9. Let c(p) = -25 - 60 - 29 - 9 - 16*p - 63. Let k be c(-12). Determine l(k).
33
Let l(k) = -226*k + 1562. Let u be l(7). Let v(b) = b**2 + 18*b + 1. Calculate v(u).
41
Let k(r) be the second derivative of r**4/12 + 11*r**3/6 + 5*r**2 + 248*r - 1. Calculate k(-12).
22
Let p(x) = -35*x**2 - 16*x + 5. Let z(n) = -8*n**2 - 4*n + 1. Let c(w) = 2*p(w) - 9*z(w). Give c(0).
1
Let g be 4/36 - (-181)/(-9). Let c be 8/g + (-3)/5. Let h be 0 + c + -1 + (-2 - 0). Let a(s) = -4*s - 3. Give a(h).
13
Let n(p) = -3*p**3 + 30*p**2 - 44*p + 5. Let i(z) = -4*z**3 + 45*z**2 - 65*z + 7. Let m(a) = 5*i(a) - 7*n(a). Determine m(-16).
16
Suppose 62283 - 62243 = -20*k. Let z(p) = 7*p + 7 + 4 + p. Let l be z(k). Let j(x) = x**3 + 6*x**2 + 5*x + 1. Give j(l).
1
Let q(f) be the first derivative of -f**3/3 + f**2 + 8*f - 25. Determine q(7).
-27
Let b(z) = 4988*z**2 - 9989*z**2 + 5000*z**2. Give b(-8).
-64
Let c = -20 + 31. Suppose 4*g = -12, -o + 2*g + 5 - c = 0. Let z be o/(-27)*3*(-3)/2. Let t(j) = -3*j**2 - j + 2. Give t(z).
-8
Let z(v) = 2*v**2 + 2*v - 2. Let m be z(1). Let q(g) be the second derivative of 0*g**m - 16*g - 1/12*g**4 + 0 - 1/2*g**3. Determine q(-5).
-10
Suppose 10*h = 7*h. Let p(o) = -10*o**2 - 16741 + 9*o**2 + 16753. What is p(h)?
12
Let v be (-1)/(7/4) - (-352)/77. Suppose -v = 9*k + 23. Let l be 17/(-4) - k/12. Let a(g) = -4*g + 3. What is a(l)?
19
Let x(d) = -d**2 - 9. Let b(n) = 131*n - 39. Let l be b(5). Let r = l - 616. Calculate x(r).
-9
Let u(o) = -216 - 115*o + 374*o - 120*o - 123*o. Determine u(13).
-8
Suppose 0*h = 3*h - 10*h + 7. Let m(j) = -12*j**3 - 1. Determine m(h).
-13
Let a(k) = -k**2 - 6*k - 5. Let r(p) = -p**3 + 3. Let g be r(2). Let m be a(g). Let n be m/2 - 10/2. Let j(w) = w**2 + w - 1. What is j(n)?
19
Let x(v) = -4*v + 59. Let p(j) = 15*j**2 - 1034*j - 50. Let h be p(69). Determine x(h).
-17
Let h(q) = q - 4. Let m(k) be the first derivative of -3*k**2 + 20*k + 484. Let z = 40 - 29. Let r(p) = z*h(p) + 2*m(p). What is r(-5)?
1
Suppos